{"id":88,"date":"2022-12-04T19:26:12","date_gmt":"2022-12-04T18:26:12","guid":{"rendered":"http:\/\/petitschanteursfranciliens.fr\/?page_id=88"},"modified":"2022-12-05T22:13:19","modified_gmt":"2022-12-05T21:13:19","slug":"mecenat","status":"publish","type":"page","link":"https:\/\/petitschanteursfranciliens.fr\/?page_id=88","title":{"rendered":"M\u00e9c\u00e9nat"},"content":{"rendered":"\n<p>La Man\u00e9canterie des Petits Chanteurs Franciliens est habilit\u00e9e \u00e0 recevoir des dons ouvrant droit \u00e0 r\u00e9duction d\u2019imp\u00f4t, \u00e0 hauteur de 66 % de leur montant.&nbsp;<\/p>\n\n\n\n<p>Les dons de soutien sont destin\u00e9s \u00e0 financer les activit\u00e9s de formation des Petits Chanteurs Franciliens, dont nous ne voulons \u00e9carter aucun enfant pour seuls motifs financiers.<\/p>\n\n\n\n<p>Merci de nous aider en adressant vos dons \u00e0 :<\/p>\n\n\n\n<pre class=\"wp-block-verse\">LES PETITS CHANTEURS FRANCILIENS\u00a0\u00a0\u00a0\u00a0\u00a0\u00a0\u00a0\u00a0\u00a0\nCOLL\u00c8GE STANISLAS\n22 RUE ND DES CHAMPS\n75279 PARIS CEDEX 06<\/pre>\n\n\n\n<p>Un re\u00e7u fiscal vous sera envoy\u00e9.<\/p>\n","protected":false},"excerpt":{"rendered":"<p>La Man\u00e9canterie des Petits Chanteurs Franciliens est habilit\u00e9e \u00e0 recevoir des dons ouvrant droit \u00e0 r\u00e9duction d\u2019imp\u00f4t, \u00e0 hauteur de 66 % de leur montant.&nbsp; Les dons de soutien sont destin\u00e9s \u00e0 financer les activit\u00e9s de formation des Petits Chanteurs Franciliens, dont nous ne voulons \u00e9carter aucun enfant pour seuls motifs financiers. Merci de nous&hellip; <br \/> <a class=\"read-more\" href=\"https:\/\/petitschanteursfranciliens.fr\/?page_id=88\">Read more<\/a><\/p>\n","protected":false},"author":1,"featured_media":0,"parent":0,"menu_order":0,"comment_status":"closed","ping_status":"closed","template":"","meta":{"footnotes":""},"class_list":["post-88","page","type-page","status-publish","hentry"],"_links":{"self":[{"href":"https:\/\/petitschanteursfranciliens.fr\/index.php?rest_route=\/wp\/v2\/pages\/88","targetHints":{"allow":["GET"]}}],"collection":[{"href":"https:\/\/petitschanteursfranciliens.fr\/index.php?rest_route=\/wp\/v2\/pages"}],"about":[{"href":"https:\/\/petitschanteursfranciliens.fr\/index.php?rest_route=\/wp\/v2\/types\/page"}],"author":[{"embeddable":true,"href":"https:\/\/petitschanteursfranciliens.fr\/index.php?rest_route=\/wp\/v2\/users\/1"}],"replies":[{"embeddable":true,"href":"https:\/\/petitschanteursfranciliens.fr\/index.php?rest_route=%2Fwp%2Fv2%2Fcomments&post=88"}],"version-history":[{"count":3,"href":"https:\/\/petitschanteursfranciliens.fr\/index.php?rest_route=\/wp\/v2\/pages\/88\/revisions"}],"predecessor-version":[{"id":118,"href":"https:\/\/petitschanteursfranciliens.fr\/index.php?rest_route=\/wp\/v2\/pages\/88\/revisions\/118"}],"wp:attachment":[{"href":"https:\/\/petitschanteursfranciliens.fr\/index.php?rest_route=%2Fwp%2Fv2%2Fmedia&parent=88"}],"curies":[{"name":"wp","href":"https:\/\/api.w.org\/{rel}","templated":true}]}}